 tens digit of 20562?
6
What is the units digit of 298?
8
What is the units digit of 536?
6
What is the tens digit of 590?
9
What is the hundreds digit of 168?
1
What is the tens digit of 994?
9
What is the thousands digit of 2546?
2
What is the thousands digit of 1008?
1
What is the units digit of 33472?
2
What is the units digit of 18195?
5
What is the units digit of 2982?
2
What is the thousands digit of 18942?
8
What is the units digit of 14229?
9
What is the ten thousands digit of 83042?
8
What is the ten thousands digit of 10703?
1
What is the hundreds digit of 9200?
2
What is the units digit of 104975?
5
What is the hundreds digit of 480?
4
What is the thousands digit of 51493?
1
What is the thousands digit of 19940?
9
What is the hundreds digit of 2106?
1
What is the hundreds digit of 13196?
1
What is the thousands digit of 1750?
1
What is the units digit of 17435?
5
What is the tens digit of 581?
8
What is the ten thousands digit of 24483?
2
What is the units digit of 381?
1
What is the units digit of 446?
6
What is the units digit of 14234?
4
What is the units digit of 1620?
0
What is the ten thousands digit of 185361?
8
What is the hundreds digit of 12952?
9
What is the tens digit of 2135?
3
What is the thousands digit of 6106?
6
What is the hundreds digit of 7374?
3
What is the units digit of 2610?
0
What is the tens digit of 51875?
7
What is the units digit of 138?
8
What is the tens digit of 618?
1
What is the units digit of 320?
0
What is the units digit of 20351?
1
What is the thousands digit of 8069?
8
What is the ten thousands digit of 100168?
0
What is the tens digit of 21451?
5
What is the thousands digit of 19200?
9
What is the units digit of 1325?
5
What is the ten thousands digit of 13998?
1
What is the thousands digit of 18372?
8
What is the hundreds digit of 2089?
0
What is the hundreds digit of 55476?
4
What is the hundreds digit of 3111?
1
What is the units digit of 783?
3
What is the thousands digit of 1475?
1
What is the tens digit of 158?
5
What is the units digit of 7488?
8
What is the ten thousands digit of 21894?
2
What is the ten thousands digit of 19347?
1
What is the units digit of 942?
2
What is the tens digit of 109634?
3
What is the hundreds digit of 2154?
1
What is the units digit of 3580?
0
What is the thousands digit of 12759?
2
What is the tens digit of 1287?
8
What is the units digit of 15120?
0
What is the thousands digit of 5742?
5
What is the tens digit of 21132?
3
What is the thousands digit of 3269?
3
What is the hundreds digit of 317?
3
What is the ten thousands digit of 21816?
2
What is the hundreds digit of 7952?
9
What is the hundreds digit of 119306?
3
What is the units digit of 918?
8
What is the thousands digit of 3109?
3
What is the units digit of 1998?
8
What is the units digit of 1284?
4
What is the units digit of 117106?
6
What is the thousands digit of 1709?
1
What is the tens digit of 36793?
9
What is the units digit of 3538?
8
What is the thousands digit of 1598?
1
What is the thousands digit of 2844?
2
What is the units digit of 2277?
7
What is the ten thousands digit of 31831?
3
What is the tens digit of 922?
2
What is the thousands digit of 1497?
1
What is the tens digit of 4856?
5
What is the units digit of 214?
4
What is the thousands digit of 8668?
8
What is the tens digit of 41?
4
What is the units digit of 628?
8
What is the units digit of 803?
3
What is the thousands digit of 10085?
0
What is the hundreds digit of 83683?
6
What is the units digit of 1170?
0
What is the hundreds digit of 1798?
7
What is the hundreds digit of 24522?
5
What is the tens digit of 3278?
7
What is the thousands digit of 2054?
2
What is the hundreds digit of 9367?
3
What is the tens digit of 3933?
3
What is the thousands digit of 1744?
1
What is the tens digit of 434?
3
What is the thousands digit of 2433?
2
What is the tens digit of 4914?
1
What is the hundreds digit of 15214?
2
What is the tens digit of 8040?
4
What is the units digit of 50645?
5
What is the tens digit of 1204?
0
What is the ten thousands digit of 11637?
1
What is the thousands digit of 4043?
4
What is the units digit of 4726?
6
What is the hundreds digit of 18174?
1
What is the ten thousands digit of 52774?
5
What is the thousands digit of 9115?
9
What is the hundreds digit of 10578?
5
What is the ten thousands digit of 56172?
5
What is the tens digit of 53?
5
What is the units digit of 1212?
2
What is the tens digit of 943?
4
What is the thousands digit of 131156?
1
What is the thousands digit of 1828?
1
What is the units digit of 49?
9
What is the ten thousands digit of 30169?
3
What is the tens digit of 940?
4
What is the thousands digit of 11452?
1
What is the tens digit of 11197?
9
What is the hundreds digit of 11696?
6
What is the thousands digit of 1084?
1
What is the units digit of 4714?
4
What is the tens digit of 1861?
6
What is the thousands digit of 11512?
1
What is the hundreds digit of 4260?
2
What is the ten thousands digit of 39387?
3
What is the units digit of 2354?
4
What is the thousands digit of 25259?
5
What is the thousands digit of 76584?
6
What is the tens digit of 17243?
4
What is the thousands digit of 1195?
1
What is the tens digit of 10125?
2
What is the hundreds digit of 2510?
5
What is the hundreds digit of 187?
1
What is the tens digit of 855?
5
What is the units digit of 4135?
5
What is the tens digit of 71929?
2
What is the units digit of 23310?
0
What is the hundreds digit of 161579?
5
What is the tens digit of 4280?
8
What is the tens digit of 8852?
5
What is the hundreds digit of 1654?
6
What is the hundreds digit of 71092?
0
What is the thousands digit of 45692?
5
What is the units digit of 405?
5
What is the units digit of 8441?
1
What is the tens digit of 2676?
7
What is the units digit of 2797?
7
What is the units digit of 10851?
1
What is the units digit of 896?
6
What is the hundreds digit of 2758?
7
What is the ten thousands digit of 20963?
2
What is the ten thousands digit of 11188?
1
What is the tens digit of 5053?
5
What is the tens digit of 16231?
3
What is the units digit of 6234?
4
What is the ten thousands digit of 35775?
3
What is the tens digit of 931?
3
What is the units digit of 748?
8
What is the hundreds digit of 12565?
5
What is the tens digit of 8714?
1
What is the hundreds digit of 2399?
3
What is the units digit of 3?
3
What is the units digit of 690?
0
What is the thousands digit of 2892?
2
What is the units digit of 470?
0
What is the thousands digit of 62410?
2
What is the hundreds digit of 36728?
7
What is the units digit of 67?
7
What is the units digit of 1246?
6
What is the hundreds digit of 1217?
2
What is the units digit of 5939?
9
What is the ten thousands digit of 38760?
3
What is the hundreds digit of 9819?
8
What is the hundreds digit of 154?
1
What is the hundreds digit of 16584?
5
What is the hundreds digit of 55331?
3
What is the hundreds digit of 8491?
4
What is the tens digit of 288?
8
What is the ten thousands digit of 82790?
8
What is the thousands digit of 15390?
5
What is the units digit of 15967?
7
What is the hundreds digit of 643?
6
What is the hundreds digit of 1780?
7
What is the units digit of 1985?
5
What is the hundreds digit of 3294?
2
What is the tens digit of 417?
1
What is the hundreds digit of 2030?
0
What is the units digit of 37216?
6
What is the units digit of 818?
8
What is the tens digit of 1435?
3
What is the hundreds digit of 141974?
9
What is the units digit of 6763?
3
What is the units digit of 1461?
1
What is the hundreds digit of 1301?
3
What is the units digit of 582?
2
What is the thousands digit of 1173?
1
What is the units digit of 82602?
2
What is the units digit of 2528?
8
What is the hundreds digit of 9944?
9
What is the ten thousands digit of 14786?
1
What is the thousands digit of 5176?
5
What is the units digit of 6345?
5
What is the hundreds digit of 9203?
2
What is the units digit of 690?
0
What is the tens digit of 180?
8
What is the tens digit of 588?
8
What is the tens digit of 4471?
7
What is the thousands digit of 26963?
6
What is the hundreds digit of 3768?
7
What is the thousands digit of 1145?
1
What is the hundreds digit of 3409?
4
What is the thousands digit of 6763?
6
What is the thousands digit 